{"id":84,"date":"2022-03-01T13:06:23","date_gmt":"2022-03-01T16:06:23","guid":{"rendered":"https:\/\/musicuyinstrumentos.com\/?page_id=84"},"modified":"2025-10-07T01:38:59","modified_gmt":"2025-10-07T04:38:59","slug":"quienes-somos","status":"publish","type":"page","link":"https:\/\/musicuyinstrumentos.com\/index.php\/quienes-somos\/","title":{"rendered":"Quienes somos"},"content":{"rendered":"\t\t<div data-elementor-type=\"wp-page\" data-elementor-id=\"84\" class=\"elementor elementor-84\">\n\t\t\t\t\t\t<section class=\"elementor-section elementor-top-section elementor-element elementor-element-9a3734b elementor-section-boxed elementor-section-height-default elementor-section-height-default\" data-id=\"9a3734b\" data-element_type=\"section\" data-e-type=\"section\">\n\t\t\t\t\t\t<div class=\"elementor-container elementor-column-gap-default\">\n\t\t\t\t\t<div class=\"elementor-column elementor-col-100 elementor-top-column elementor-element elementor-element-9e27bf7\" data-id=\"9e27bf7\" data-element_type=\"column\" data-e-type=\"column\">\n\t\t\t<div class=\"elementor-widget-wrap elementor-element-populated\">\n\t\t\t\t\t\t<div class=\"elementor-element elementor-element-fd9401f elementor-widget elementor-widget-spacer\" data-id=\"fd9401f\" data-element_type=\"widget\" data-e-type=\"widget\" data-widget_type=\"spacer.default\">\n\t\t\t\t<div class=\"elementor-widget-container\">\n\t\t\t\t\t\t\t<div class=\"elementor-spacer\">\n\t\t\t<div class=\"elementor-spacer-inner\"><\/div>\n\t\t<\/div>\n\t\t\t\t\t\t<\/div>\n\t\t\t\t<\/div>\n\t\t\t\t\t<\/div>\n\t\t<\/div>\n\t\t\t\t\t<\/div>\n\t\t<\/section>\n\t\t\t\t<section class=\"elementor-section elementor-top-section elementor-element elementor-element-3d3953d elementor-section-boxed elementor-section-height-default elementor-section-height-default\" data-id=\"3d3953d\" data-element_type=\"section\" data-e-type=\"section\">\n\t\t\t\t\t\t<div class=\"elementor-container elementor-column-gap-default\">\n\t\t\t\t\t<div class=\"elementor-column elementor-col-100 elementor-top-column elementor-element elementor-element-7031a94\" data-id=\"7031a94\" data-element_type=\"column\" data-e-type=\"column\">\n\t\t\t<div class=\"elementor-widget-wrap elementor-element-populated\">\n\t\t\t\t\t\t<div class=\"elementor-element elementor-element-a6a0efd elementor-widget elementor-widget-text-editor\" data-id=\"a6a0efd\" data-element_type=\"widget\" data-e-type=\"widget\" data-widget_type=\"text-editor.default\">\n\t\t\t\t<div class=\"elementor-widget-container\">\n\t\t\t\t\t\t\t\t\t<p data-start=\"210\" data-end=\"565\">Desde <strong data-start=\"216\" data-end=\"224\">2009<\/strong>, en <strong data-start=\"229\" data-end=\"240\">MusicUy<\/strong> nos dedicamos a conectar a m\u00fasicos, productoras y amantes del sonido con el mejor equipamiento del mercado.<br data-start=\"348\" data-end=\"351\">Somos una empresa uruguaya especializada en la <strong data-start=\"398\" data-end=\"487\">compra, venta, permutas y consignaci\u00f3n de instrumentos musicales de gama media a alta<\/strong>, incluyendo modelos <strong data-start=\"508\" data-end=\"535\">profesionales y vintage<\/strong> cuidadosamente seleccionados.<\/p>\n<p data-start=\"567\" data-end=\"995\">Con m\u00e1s de una d\u00e9cada de experiencia en el rubro, nos consolidamos tambi\u00e9n como una de las principales referencias en la compra-venta de <b>instrumentos musicales usados<\/b> y&nbsp;<strong data-start=\"685\" data-end=\"721\">servicio de backline profesional<\/strong> del pa\u00eds, brindando equipamiento completo para <strong data-start=\"769\" data-end=\"798\">shows y festivales<\/strong> nacionales e internacionales.<br data-start=\"828\" data-end=\"831\">Nuestro equipo t\u00e9cnico garantiza un servicio confiable, con instrumentos en excelente estado y <strong data-start=\"926\" data-end=\"954\">asistencia personalizada<\/strong> antes, durante y despu\u00e9s de cada evento.<\/p>\n<p data-start=\"997\" data-end=\"1311\">En <strong data-start=\"1000\" data-end=\"1011\">MusicUy<\/strong> entendemos que cada m\u00fasico y cada escenario tienen necesidades \u00fanicas. Por eso trabajamos con pasi\u00f3n, seriedad y conocimiento para ofrecer <strong data-start=\"1151\" data-end=\"1176\">soluciones integrales<\/strong>, tanto para quienes buscan renovar su instrumento como para las <strong data-start=\"1241\" data-end=\"1256\">productoras<\/strong> que conf\u00edan en nosotros para equipar sus espect\u00e1culos.<span style=\"font-style: inherit; font-weight: inherit;\">&nbsp;<\/span><span data-start=\"1316\" data-end=\"1402\" style=\"font-weight: inherit;\"><i>Pasi\u00f3n por la m\u00fasica. Experiencia en cada detalle. Confianza ganada en el escenario.<\/i><br><\/span><\/p>\t\t\t\t\t\t\t\t<\/div>\n\t\t\t\t<\/div>\n\t\t\t\t\t<\/div>\n\t\t<\/div>\n\t\t\t\t\t<\/div>\n\t\t<\/section>\n\t\t\t\t<section class=\"elementor-section elementor-top-section elementor-element elementor-element-8cd4104 elementor-section-boxed elementor-section-height-default elementor-section-height-default\" data-id=\"8cd4104\" data-element_type=\"section\" data-e-type=\"section\">\n\t\t\t\t\t\t<div class=\"elementor-container elementor-column-gap-default\">\n\t\t\t\t\t<div class=\"elementor-column elementor-col-100 elementor-top-column elementor-element elementor-element-b9e89c3\" data-id=\"b9e89c3\" data-element_type=\"column\" data-e-type=\"column\">\n\t\t\t<div class=\"elementor-widget-wrap elementor-element-populated\">\n\t\t\t\t\t\t<div class=\"elementor-element elementor-element-8f98f37 elementor-widget elementor-widget-spacer\" data-id=\"8f98f37\" data-element_type=\"widget\" data-e-type=\"widget\" data-widget_type=\"spacer.default\">\n\t\t\t\t<div class=\"elementor-widget-container\">\n\t\t\t\t\t\t\t<div class=\"elementor-spacer\">\n\t\t\t<div class=\"elementor-spacer-inner\"><\/div>\n\t\t<\/div>\n\t\t\t\t\t\t<\/div>\n\t\t\t\t<\/div>\n\t\t\t\t\t<\/div>\n\t\t<\/div>\n\t\t\t\t\t<\/div>\n\t\t<\/section>\n\t\t\t\t<section class=\"elementor-section elementor-top-section elementor-element elementor-element-fb9654f elementor-section-boxed elementor-section-height-default elementor-section-height-default\" data-id=\"fb9654f\" data-element_type=\"section\" data-e-type=\"section\">\n\t\t\t\t\t\t<div class=\"elementor-container elementor-column-gap-default\">\n\t\t\t\t\t<div class=\"elementor-column elementor-col-100 elementor-top-column elementor-element elementor-element-948895d\" data-id=\"948895d\" data-element_type=\"column\" data-e-type=\"column\">\n\t\t\t<div class=\"elementor-widget-wrap elementor-element-populated\">\n\t\t\t\t\t\t<div class=\"elementor-element elementor-element-dcd5df4 elementor--h-position-center elementor--v-position-middle elementor-widget elementor-widget-slides\" data-id=\"dcd5df4\" data-element_type=\"widget\" data-e-type=\"widget\" data-settings=\"{&quot;navigation&quot;:&quot;none&quot;,&quot;autoplay_speed&quot;:3000,&quot;autoplay&quot;:&quot;yes&quot;,&quot;pause_on_hover&quot;:&quot;yes&quot;,&quot;pause_on_interaction&quot;:&quot;yes&quot;,&quot;infinite&quot;:&quot;yes&quot;,&quot;transition&quot;:&quot;slide&quot;,&quot;transition_speed&quot;:500}\" data-widget_type=\"slides.default\">\n\t\t\t\t<div class=\"elementor-widget-container\">\n\t\t\t\t\t\t\t<div class=\"elementor-swiper\">\n\t\t\t<div class=\"elementor-slides-wrapper elementor-main-swiper swiper-container\" dir=\"ltr\" data-animation=\"\">\n\t\t\t\t<div class=\"swiper-wrapper elementor-slides\">\n\t\t\t\t\t\t\t\t\t\t<div class=\"elementor-repeater-item-c501552 swiper-slide\"><div class=\"swiper-slide-bg\"><\/div><div class=\"swiper-slide-inner\" ><div class=\"swiper-slide-contents\"><\/div><\/div><\/div><div class=\"elementor-repeater-item-6a40aee swiper-slide\"><div class=\"swiper-slide-bg\"><\/div><div class=\"swiper-slide-inner\" ><div class=\"swiper-slide-contents\"><\/div><\/div><\/div><div class=\"elementor-repeater-item-cd1e6ec swiper-slide\"><div class=\"swiper-slide-bg\"><\/div><div class=\"swiper-slide-inner\" ><div class=\"swiper-slide-contents\"><\/div><\/div><\/div><div class=\"elementor-repeater-item-3503330 swiper-slide\"><div class=\"swiper-slide-bg\"><\/div><div class=\"swiper-slide-inner\" ><div class=\"swiper-slide-contents\"><\/div><\/div><\/div>\t\t\t\t<\/div>\n\t\t\t\t\t\t\t\t\t\t\t\t\t\t\t\t\t\t\t\t\t<\/div>\n\t\t<\/div>\n\t\t\t\t\t\t<\/div>\n\t\t\t\t<\/div>\n\t\t\t\t\t<\/div>\n\t\t<\/div>\n\t\t\t\t\t<\/div>\n\t\t<\/section>\n\t\t\t\t<section class=\"elementor-section elementor-top-section elementor-element elementor-element-654ccdb elementor-section-boxed elementor-section-height-default elementor-section-height-default\" data-id=\"654ccdb\" data-element_type=\"section\" data-e-type=\"section\">\n\t\t\t\t\t\t<div class=\"elementor-container elementor-column-gap-default\">\n\t\t\t\t\t<div class=\"elementor-column elementor-col-100 elementor-top-column elementor-element elementor-element-38dfeae\" data-id=\"38dfeae\" data-element_type=\"column\" data-e-type=\"column\">\n\t\t\t<div class=\"elementor-widget-wrap elementor-element-populated\">\n\t\t\t\t\t\t<div class=\"elementor-element elementor-element-146f7a9 elementor-widget elementor-widget-spacer\" data-id=\"146f7a9\" data-element_type=\"widget\" data-e-type=\"widget\" data-widget_type=\"spacer.default\">\n\t\t\t\t<div class=\"elementor-widget-container\">\n\t\t\t\t\t\t\t<div class=\"elementor-spacer\">\n\t\t\t<div class=\"elementor-spacer-inner\"><\/div>\n\t\t<\/div>\n\t\t\t\t\t\t<\/div>\n\t\t\t\t<\/div>\n\t\t\t\t\t<\/div>\n\t\t<\/div>\n\t\t\t\t\t<\/div>\n\t\t<\/section>\n\t\t\t\t<\/div>\n\t\t","protected":false},"excerpt":{"rendered":"<p>Desde 2009, en MusicUy nos dedicamos a conectar a m\u00fasicos, productoras y amantes del sonido con el mejor equipamiento del mercado.Somos una empresa uruguaya especializada en la compra, venta, permutas y consignaci\u00f3n de instrumentos musicales de gama media a alta, incluyendo modelos profesionales y vintage cuidadosamente seleccionados. Con m\u00e1s de una d\u00e9cada de experiencia en [&hellip;]<\/p>\n","protected":false},"author":1,"featured_media":0,"parent":0,"menu_order":0,"comment_status":"closed","ping_status":"closed","template":"","meta":{"site-sidebar-layout":"no-sidebar","site-content-layout":"page-builder","ast-site-content-layout":"default","site-content-style":"default","site-sidebar-style":"default","ast-global-header-display":"","ast-banner-title-visibility":"","ast-main-header-display":"","ast-hfb-above-header-display":"","ast-hfb-below-header-display":"","ast-hfb-mobile-header-display":"","site-post-title":"disabled","ast-breadcrumbs-content":"","ast-featured-img":"disabled","footer-sml-layout":"","ast-disable-related-posts":"","theme-transparent-header-meta":"","adv-header-id-meta":"","stick-header-meta":"","header-above-stick-meta":"","header-main-stick-meta":"","header-below-stick-meta":"","astra-migrate-meta-layouts":"default","ast-page-background-enabled":"default","ast-page-background-meta":{"desktop":{"background-color":"var(--ast-global-color-4)","background-image":"","background-repeat":"repeat","background-position":"center center","background-size":"auto","background-attachment":"scroll","background-type":"","background-media":"","overlay-type":"","overlay-color":"","overlay-opacity":"","overlay-gradient":""},"tablet":{"background-color":"","background-image":"","background-repeat":"repeat","background-position":"center center","background-size":"auto","background-attachment":"scroll","background-type":"","background-media":"","overlay-type":"","overlay-color":"","overlay-opacity":"","overlay-gradient":""},"mobile":{"background-color":"","background-image":"","background-repeat":"repeat","background-position":"center center","background-size":"auto","background-attachment":"scroll","background-type":"","background-media":"","overlay-type":"","overlay-color":"","overlay-opacity":"","overlay-gradient":""}},"ast-content-background-meta":{"desktop":{"background-color":"var(--ast-global-color-5)","background-image":"","background-repeat":"repeat","background-position":"center center","background-size":"auto","background-attachment":"scroll","background-type":"","background-media":"","overlay-type":"","overlay-color":"","overlay-opacity":"","overlay-gradient":""},"tablet":{"background-color":"var(--ast-global-color-5)","background-image":"","background-repeat":"repeat","background-position":"center center","background-size":"auto","background-attachment":"scroll","background-type":"","background-media":"","overlay-type":"","overlay-color":"","overlay-opacity":"","overlay-gradient":""},"mobile":{"background-color":"var(--ast-global-color-5)","background-image":"","background-repeat":"repeat","background-position":"center center","background-size":"auto","background-attachment":"scroll","background-type":"","background-media":"","overlay-type":"","overlay-color":"","overlay-opacity":"","overlay-gradient":""}},"_joinchat":[],"footnotes":""},"class_list":["post-84","page","type-page","status-publish","hentry"],"jetpack-related-posts":[{"id":81,"url":"https:\/\/musicuyinstrumentos.com\/index.php\/alquiler-de-backline\/","url_meta":{"origin":84,"position":0},"title":"Servicio de Backline","author":"matiaspmartinez","date":"1 de marzo de 2022","format":false,"excerpt":"Servicio de Backline Profesional En MusicUy Backline brindamos equipamiento de primer nivel para shows y festivales, tanto nacionales como internacionales.Contamos con una amplia variedad de amplificadores, bater\u00edas, teclados, percusi\u00f3n e instrumentos de las marcas m\u00e1s reconocidas del mundo, cuidadosamente mantenidos y listos para el escenario. Nuestro objetivo es ofrecer un\u2026","rel":"","context":"Entrada similar","block_context":{"text":"Entrada similar","link":""},"img":{"alt_text":"","src":"","width":0,"height":0},"classes":[]},{"id":147,"url":"https:\/\/musicuyinstrumentos.com\/index.php\/otros-instrumentos\/","url_meta":{"origin":84,"position":1},"title":"Otros instrumentos","author":"matiaspmartinez","date":"1 de marzo de 2022","format":false,"excerpt":"Otros instrumentos","rel":"","context":"Entrada similar","block_context":{"text":"Entrada similar","link":""},"img":{"alt_text":"","src":"","width":0,"height":0},"classes":[]},{"id":99,"url":"https:\/\/musicuyinstrumentos.com\/","url_meta":{"origin":84,"position":2},"title":"Inicio","author":"matiaspmartinez","date":"1 de marzo de 2022","format":false,"excerpt":"Compra - Venta - Consignaci\u00f3n - Canje - Alquiler \u00daltimos ingresos","rel":"","context":"Entrada similar","block_context":{"text":"Entrada similar","link":""},"img":{"alt_text":"","src":"https:\/\/i0.wp.com\/musicuyinstrumentos.com\/wp-content\/uploads\/2025\/10\/rojo-logo-png-300x300.png?resize=350%2C200","width":350,"height":200},"classes":[]},{"id":12,"url":"https:\/\/musicuyinstrumentos.com\/index.php\/reembolso_devoluciones\/","url_meta":{"origin":84,"position":3},"title":"Pol\u00edtica de devoluciones y reembolsos","author":"matiaspmartinez","date":"11 de marzo de 2022","format":false,"excerpt":"Pol\u00edtica de devoluciones y reembolsos Nuestra pol\u00edtica de reembolso y devoluciones tiene una duraci\u00f3n de 30 d\u00edas. Si han pasado 30 d\u00edas desde su compra, no podemos ofrecerle un reembolso completo o cambio. Para ser elegible para una devoluci\u00f3n, su art\u00edculo debe estar sin usar y en las mismas condiciones\u2026","rel":"","context":"Entrada similar","block_context":{"text":"Entrada similar","link":""},"img":{"alt_text":"","src":"","width":0,"height":0},"classes":[]},{"id":10,"url":"https:\/\/musicuyinstrumentos.com\/index.php\/finalizar-compra\/","url_meta":{"origin":84,"position":4},"title":"Finalizar compra","author":"matiaspmartinez","date":"1 de marzo de 2022","format":false,"excerpt":"","rel":"","context":"Entrada similar","block_context":{"text":"Entrada similar","link":""},"img":{"alt_text":"","src":"","width":0,"height":0},"classes":[]}],"jetpack_sharing_enabled":true,"_links":{"self":[{"href":"https:\/\/musicuyinstrumentos.com\/index.php\/wp-json\/wp\/v2\/pages\/84","targetHints":{"allow":["GET"]}}],"collection":[{"href":"https:\/\/musicuyinstrumentos.com\/index.php\/wp-json\/wp\/v2\/pages"}],"about":[{"href":"https:\/\/musicuyinstrumentos.com\/index.php\/wp-json\/wp\/v2\/types\/page"}],"author":[{"embeddable":true,"href":"https:\/\/musicuyinstrumentos.com\/index.php\/wp-json\/wp\/v2\/users\/1"}],"replies":[{"embeddable":true,"href":"https:\/\/musicuyinstrumentos.com\/index.php\/wp-json\/wp\/v2\/comments?post=84"}],"version-history":[{"count":52,"href":"https:\/\/musicuyinstrumentos.com\/index.php\/wp-json\/wp\/v2\/pages\/84\/revisions"}],"predecessor-version":[{"id":3472,"href":"https:\/\/musicuyinstrumentos.com\/index.php\/wp-json\/wp\/v2\/pages\/84\/revisions\/3472"}],"wp:attachment":[{"href":"https:\/\/musicuyinstrumentos.com\/index.php\/wp-json\/wp\/v2\/media?parent=84"}],"curies":[{"name":"wp","href":"https:\/\/api.w.org\/{rel}","templated":true}]}}