{"id":1305,"date":"2022-05-23T10:07:13","date_gmt":"2022-05-23T13:07:13","guid":{"rendered":"https:\/\/musicuyinstrumentos.com\/?post_type=product&#038;p=1305"},"modified":"2025-04-21T15:53:45","modified_gmt":"2025-04-21T18:53:45","slug":"soldano-avenger-a-100","status":"publish","type":"product","link":"https:\/\/musicuyinstrumentos.com\/index.php\/producto\/soldano-avenger-a-100\/","title":{"rendered":"Soldano Avenger A-100"},"content":{"rendered":"<p>100W head with the SLO 100 Overdrive Circuit<br \/>\nSingle Channel<br \/>\nSimplified Signal Path For Improved Dynamic Response<br \/>\nNo Effects Loop Or Extraneous Wiring<br \/>\nPreamp Gain\/Master Gain For Overdrive At Lower Volumes<br \/>\nThree Band EQ (Bass, Mid, And Treble)<br \/>\nPresence Control<br \/>\nDepth Control Boosts Low End<br \/>\nSelectable Impedance Switch; 4, 8, Or 16-Ohm<br \/>\nHigh And Low Gain Inputs<br \/>\nTubes: 4 12AX7 \/ 4 6L6<\/p>\n","protected":false},"excerpt":{"rendered":"<p><span>Este amplificador de guitarra a v\u00e1lvulas Avenger 100 le brinda un tono de sobremarcha Soldano destilado puro, y si ese es el sonido que debe tener, este es el amplificador para usted: un amplificador de 100 vatios con el circuito de sobremarcha SLO 100 y sin cambio de canal para complicar las cosas .\u00a0Reducido al hueso, esta ruta de se\u00f1al simplificada tambi\u00e9n mejora la respuesta din\u00e1mica para un sonido m\u00e1s impactante.\u00a0Esta versi\u00f3n Hot Rod del Avenger 100 cuenta con un bucle de efectos.<\/span><\/p>\n<p><span>Los conectores de entrada de ganancia alta y baja del Soldano Hot Rod 100 Avenger brindan la opci\u00f3n de usar el circuito principal SLO completo o saltarse la primera etapa de ganancia para un crujido m\u00e1s oscuro.\u00a0Adem\u00e1s de los controles de ganancia, graves, medios, agudos, volumen maestro y presencia del preamplificador, se incluye un control de profundidad para potenciar los graves, y un interruptor selector de impedancia giratorio permite el uso de altavoces de 4, 8 o 16 ohmios. gabinetes\u00a0El cabezal del amplificador utiliza v\u00e1lvulas de potencia 5881\/6L6, como el SLO.<\/span><\/p>\n","protected":false},"featured_media":1314,"template":"","meta":{"site-sidebar-layout":"no-sidebar","site-content-layout":"default","ast-site-content-layout":"default","site-content-style":"default","site-sidebar-style":"default","ast-global-header-display":"","ast-banner-title-visibility":"","ast-main-header-display":"","ast-hfb-above-header-display":"","ast-hfb-below-header-display":"","ast-hfb-mobile-header-display":"","site-post-title":"","ast-breadcrumbs-content":"","ast-featured-img":"","footer-sml-layout":"","ast-disable-related-posts":"","theme-transparent-header-meta":"default","adv-header-id-meta":"","stick-header-meta":"","header-above-stick-meta":"","header-main-stick-meta":"","header-below-stick-meta":"","astra-migrate-meta-layouts":"default","ast-page-background-enabled":"default","ast-page-background-meta":{"desktop":{"background-color":"var(--ast-global-color-4)","background-image":"","background-repeat":"repeat","background-position":"center center","background-size":"auto","background-attachment":"scroll","background-type":"","background-media":"","overlay-type":"","overlay-color":"","overlay-opacity":"","overlay-gradient":""},"tablet":{"background-color":"","background-image":"","background-repeat":"repeat","background-position":"center center","background-size":"auto","background-attachment":"scroll","background-type":"","background-media":"","overlay-type":"","overlay-color":"","overlay-opacity":"","overlay-gradient":""},"mobile":{"background-color":"","background-image":"","background-repeat":"repeat","background-position":"center center","background-size":"auto","background-attachment":"scroll","background-type":"","background-media":"","overlay-type":"","overlay-color":"","overlay-opacity":"","overlay-gradient":""}},"ast-content-background-meta":{"desktop":{"background-color":"var(--ast-global-color-5)","background-image":"","background-repeat":"repeat","background-position":"center center","background-size":"auto","background-attachment":"scroll","background-type":"","background-media":"","overlay-type":"","overlay-color":"","overlay-opacity":"","overlay-gradient":""},"tablet":{"background-color":"var(--ast-global-color-5)","background-image":"","background-repeat":"repeat","background-position":"center center","background-size":"auto","background-attachment":"scroll","background-type":"","background-media":"","overlay-type":"","overlay-color":"","overlay-opacity":"","overlay-gradient":""},"mobile":{"background-color":"var(--ast-global-color-5)","background-image":"","background-repeat":"repeat","background-position":"center center","background-size":"auto","background-attachment":"scroll","background-type":"","background-media":"","overlay-type":"","overlay-color":"","overlay-opacity":"","overlay-gradient":""}},"_joinchat":[]},"product_brand":[],"product_cat":[31,32,15],"product_tag":[76,73],"class_list":{"0":"post-1305","1":"product","2":"type-product","3":"status-publish","4":"has-post-thumbnail","6":"product_cat-amplificadores","7":"product_cat-cabezales","8":"product_cat-sin-categorizar","9":"product_tag-amplificador","10":"product_tag-guitarra","11":"desktop-align-left","12":"tablet-align-left","13":"mobile-align-left","15":"first","16":"instock","17":"sale","18":"shipping-taxable","19":"purchasable","20":"product-type-simple"},"jetpack-related-posts":[{"id":788,"url":"https:\/\/musicuyinstrumentos.com\/index.php\/producto\/rivera-m60\/","url_meta":{"origin":1305,"position":0},"title":"Rivera M60","author":"matiaspmartinez","date":"16 de marzo de 2022","format":false,"excerpt":"Combo valvular artesanal fabricado en California a principios de los a\u00f1os 90. El Rivera M60 es una verdadera joya boutique, reconocida por su construcci\u00f3n robusta, su tono c\u00e1lido y vers\u00e1til, y su capacidad para cubrir desde sonidos limpios cristalinos hasta saturaciones con cuerpo y car\u00e1cter. Esta unidad incluye el footswitch\u2026","rel":"","context":"Entrada similar","block_context":{"text":"Entrada similar","link":""},"img":{"alt_text":"","src":"https:\/\/i0.wp.com\/musicuyinstrumentos.com\/wp-content\/uploads\/2022\/03\/Rivera-M60-1-Personalizado.jpg?fit=1080%2C1080&ssl=1&resize=350%2C200","width":350,"height":200,"srcset":"https:\/\/i0.wp.com\/musicuyinstrumentos.com\/wp-content\/uploads\/2022\/03\/Rivera-M60-1-Personalizado.jpg?fit=1080%2C1080&ssl=1&resize=350%2C200 1x, https:\/\/i0.wp.com\/musicuyinstrumentos.com\/wp-content\/uploads\/2022\/03\/Rivera-M60-1-Personalizado.jpg?fit=1080%2C1080&ssl=1&resize=525%2C300 1.5x, https:\/\/i0.wp.com\/musicuyinstrumentos.com\/wp-content\/uploads\/2022\/03\/Rivera-M60-1-Personalizado.jpg?fit=1080%2C1080&ssl=1&resize=700%2C400 2x, https:\/\/i0.wp.com\/musicuyinstrumentos.com\/wp-content\/uploads\/2022\/03\/Rivera-M60-1-Personalizado.jpg?fit=1080%2C1080&ssl=1&resize=1050%2C600 3x"},"classes":[]},{"id":3268,"url":"https:\/\/musicuyinstrumentos.com\/index.php\/producto\/marshall-drivemaster\/","url_meta":{"origin":1305,"position":1},"title":"Marshall DriveMaster","author":"matiaspmartinez","date":"24 de mayo de 2025","format":false,"excerpt":"El DriveMaster forma parte de la legendaria serie de pedales compactos de Marshall de los 90s, junto con el ShredMaster y el BluesBreaker. Es el m\u00e1s cercano en sonido a un amplificador Marshall JCM800, ofreciendo una distorsi\u00f3n rica, c\u00e1lida y con cuerpo, ideal para rock cl\u00e1sico, hard rock y heavy\u2026","rel":"","context":"Entrada similar","block_context":{"text":"Entrada similar","link":""},"img":{"alt_text":"","src":"https:\/\/i0.wp.com\/musicuyinstrumentos.com\/wp-content\/uploads\/2024\/11\/Marshall-Drive-Master-1-Alibaba.jpg?fit=1080%2C1080&ssl=1&resize=350%2C200","width":350,"height":200,"srcset":"https:\/\/i0.wp.com\/musicuyinstrumentos.com\/wp-content\/uploads\/2024\/11\/Marshall-Drive-Master-1-Alibaba.jpg?fit=1080%2C1080&ssl=1&resize=350%2C200 1x, https:\/\/i0.wp.com\/musicuyinstrumentos.com\/wp-content\/uploads\/2024\/11\/Marshall-Drive-Master-1-Alibaba.jpg?fit=1080%2C1080&ssl=1&resize=525%2C300 1.5x, https:\/\/i0.wp.com\/musicuyinstrumentos.com\/wp-content\/uploads\/2024\/11\/Marshall-Drive-Master-1-Alibaba.jpg?fit=1080%2C1080&ssl=1&resize=700%2C400 2x, https:\/\/i0.wp.com\/musicuyinstrumentos.com\/wp-content\/uploads\/2024\/11\/Marshall-Drive-Master-1-Alibaba.jpg?fit=1080%2C1080&ssl=1&resize=1050%2C600 3x"},"classes":[]},{"id":1986,"url":"https:\/\/musicuyinstrumentos.com\/index.php\/producto\/peavey-triple-xxx\/","url_meta":{"origin":1305,"position":2},"title":"Peavey Triple XXX","author":"matiaspmartinez","date":"16 de marzo de 2023","format":false,"excerpt":"El Peavey Triple XXX es un cabezal valvular de alta ganancia, dise\u00f1ado para ofrecer potencia bruta, definici\u00f3n y versatilidad. Ideal para estilos extremos como el metal, hardcore o hard rock moderno, pero tambi\u00e9n sorprendentemente flexible para tonos limpios y crunch cl\u00e1sicos.Fabricado en Estados Unidos, este cabezal es uno de los\u2026","rel":"","context":"Entrada similar","block_context":{"text":"Entrada similar","link":""},"img":{"alt_text":"","src":"https:\/\/i0.wp.com\/musicuyinstrumentos.com\/wp-content\/uploads\/2023\/03\/Peavey-XXX-1-copia.jpg?fit=1080%2C1080&ssl=1&resize=350%2C200","width":350,"height":200,"srcset":"https:\/\/i0.wp.com\/musicuyinstrumentos.com\/wp-content\/uploads\/2023\/03\/Peavey-XXX-1-copia.jpg?fit=1080%2C1080&ssl=1&resize=350%2C200 1x, https:\/\/i0.wp.com\/musicuyinstrumentos.com\/wp-content\/uploads\/2023\/03\/Peavey-XXX-1-copia.jpg?fit=1080%2C1080&ssl=1&resize=525%2C300 1.5x, https:\/\/i0.wp.com\/musicuyinstrumentos.com\/wp-content\/uploads\/2023\/03\/Peavey-XXX-1-copia.jpg?fit=1080%2C1080&ssl=1&resize=700%2C400 2x, https:\/\/i0.wp.com\/musicuyinstrumentos.com\/wp-content\/uploads\/2023\/03\/Peavey-XXX-1-copia.jpg?fit=1080%2C1080&ssl=1&resize=1050%2C600 3x"},"classes":[]},{"id":1997,"url":"https:\/\/musicuyinstrumentos.com\/index.php\/producto\/engl-e650-ritchie-blackmore\/","url_meta":{"origin":1305,"position":3},"title":"ENGL E650 Ritchie Blackmore","author":"matiaspmartinez","date":"16 de marzo de 2023","format":false,"excerpt":"Dise\u00f1ado en conjunto con el legendario guitarrista Ritchie Blackmore (Deep Purple, Rainbow), el ENGL E650 Signature ofrece una combinaci\u00f3n \u00fanica de claridad, respuesta din\u00e1mica y potencia. Este cabezal de 100 watts est\u00e1 construido con la robustez alemana caracter\u00edstica de ENGL, y presenta un dise\u00f1o de 2 canales con controles independientes,\u2026","rel":"","context":"Entrada similar","block_context":{"text":"Entrada similar","link":""},"img":{"alt_text":"","src":"https:\/\/i0.wp.com\/musicuyinstrumentos.com\/wp-content\/uploads\/2023\/03\/ENGL-E650-Ritchie-Blackmore-1-copia.jpg?fit=1080%2C1080&ssl=1&resize=350%2C200","width":350,"height":200,"srcset":"https:\/\/i0.wp.com\/musicuyinstrumentos.com\/wp-content\/uploads\/2023\/03\/ENGL-E650-Ritchie-Blackmore-1-copia.jpg?fit=1080%2C1080&ssl=1&resize=350%2C200 1x, https:\/\/i0.wp.com\/musicuyinstrumentos.com\/wp-content\/uploads\/2023\/03\/ENGL-E650-Ritchie-Blackmore-1-copia.jpg?fit=1080%2C1080&ssl=1&resize=525%2C300 1.5x, https:\/\/i0.wp.com\/musicuyinstrumentos.com\/wp-content\/uploads\/2023\/03\/ENGL-E650-Ritchie-Blackmore-1-copia.jpg?fit=1080%2C1080&ssl=1&resize=700%2C400 2x, https:\/\/i0.wp.com\/musicuyinstrumentos.com\/wp-content\/uploads\/2023\/03\/ENGL-E650-Ritchie-Blackmore-1-copia.jpg?fit=1080%2C1080&ssl=1&resize=1050%2C600 3x"},"classes":[]},{"id":2400,"url":"https:\/\/musicuyinstrumentos.com\/index.php\/producto\/maxon-overdrive-od808-modificado\/","url_meta":{"origin":1305,"position":4},"title":"Maxon Overdrive OD808 modificado","author":"matiaspmartinez","date":"19 de enero de 2024","format":false,"excerpt":"El Maxon OD808, fabricado en Jap\u00f3n, es un pedal de overdrive de culto por su tono c\u00e1lido, suave y natural. Esta unidad ha sido modificada y cuenta con un switch adicional que ampl\u00eda sus posibilidades sonoras.","rel":"","context":"Entrada similar","block_context":{"text":"Entrada similar","link":""},"img":{"alt_text":"","src":"https:\/\/i0.wp.com\/musicuyinstrumentos.com\/wp-content\/uploads\/2024\/01\/Maxon-OD808-1-Personalizado.jpg?fit=1080%2C1080&ssl=1&resize=350%2C200","width":350,"height":200,"srcset":"https:\/\/i0.wp.com\/musicuyinstrumentos.com\/wp-content\/uploads\/2024\/01\/Maxon-OD808-1-Personalizado.jpg?fit=1080%2C1080&ssl=1&resize=350%2C200 1x, https:\/\/i0.wp.com\/musicuyinstrumentos.com\/wp-content\/uploads\/2024\/01\/Maxon-OD808-1-Personalizado.jpg?fit=1080%2C1080&ssl=1&resize=525%2C300 1.5x, https:\/\/i0.wp.com\/musicuyinstrumentos.com\/wp-content\/uploads\/2024\/01\/Maxon-OD808-1-Personalizado.jpg?fit=1080%2C1080&ssl=1&resize=700%2C400 2x, https:\/\/i0.wp.com\/musicuyinstrumentos.com\/wp-content\/uploads\/2024\/01\/Maxon-OD808-1-Personalizado.jpg?fit=1080%2C1080&ssl=1&resize=1050%2C600 3x"},"classes":[]},{"id":1992,"url":"https:\/\/musicuyinstrumentos.com\/index.php\/producto\/hartke-ha5000-500w-hybrid-biamp\/","url_meta":{"origin":1305,"position":5},"title":"Hartke HA5000 500w Hybrid Biamp","author":"matiaspmartinez","date":"16 de marzo de 2023","format":false,"excerpt":"El Hartke HA5000 es un cl\u00e1sico entre los cabezales de bajo por una raz\u00f3n: versatilidad, potencia y control absoluto del tono. Dise\u00f1ado para bajistas exigentes que necesitan rendimiento profesional en vivo y en estudio, este amplificador ofrece 500 watts de potencia total, posibilidad de operar en mono o biamplificaci\u00f3n, y\u2026","rel":"","context":"Entrada similar","block_context":{"text":"Entrada similar","link":""},"img":{"alt_text":"","src":"https:\/\/i0.wp.com\/musicuyinstrumentos.com\/wp-content\/uploads\/2023\/03\/Hartke-HA5000-1-copia.jpg?fit=1080%2C1080&ssl=1&resize=350%2C200","width":350,"height":200,"srcset":"https:\/\/i0.wp.com\/musicuyinstrumentos.com\/wp-content\/uploads\/2023\/03\/Hartke-HA5000-1-copia.jpg?fit=1080%2C1080&ssl=1&resize=350%2C200 1x, https:\/\/i0.wp.com\/musicuyinstrumentos.com\/wp-content\/uploads\/2023\/03\/Hartke-HA5000-1-copia.jpg?fit=1080%2C1080&ssl=1&resize=525%2C300 1.5x, https:\/\/i0.wp.com\/musicuyinstrumentos.com\/wp-content\/uploads\/2023\/03\/Hartke-HA5000-1-copia.jpg?fit=1080%2C1080&ssl=1&resize=700%2C400 2x, https:\/\/i0.wp.com\/musicuyinstrumentos.com\/wp-content\/uploads\/2023\/03\/Hartke-HA5000-1-copia.jpg?fit=1080%2C1080&ssl=1&resize=1050%2C600 3x"},"classes":[]}],"jetpack_sharing_enabled":true,"_links":{"self":[{"href":"https:\/\/musicuyinstrumentos.com\/index.php\/wp-json\/wp\/v2\/product\/1305","targetHints":{"allow":["GET"]}}],"collection":[{"href":"https:\/\/musicuyinstrumentos.com\/index.php\/wp-json\/wp\/v2\/product"}],"about":[{"href":"https:\/\/musicuyinstrumentos.com\/index.php\/wp-json\/wp\/v2\/types\/product"}],"version-history":[{"count":1,"href":"https:\/\/musicuyinstrumentos.com\/index.php\/wp-json\/wp\/v2\/product\/1305\/revisions"}],"predecessor-version":[{"id":1318,"href":"https:\/\/musicuyinstrumentos.com\/index.php\/wp-json\/wp\/v2\/product\/1305\/revisions\/1318"}],"wp:featuredmedia":[{"embeddable":true,"href":"https:\/\/musicuyinstrumentos.com\/index.php\/wp-json\/wp\/v2\/media\/1314"}],"wp:attachment":[{"href":"https:\/\/musicuyinstrumentos.com\/index.php\/wp-json\/wp\/v2\/media?parent=1305"}],"wp:term":[{"taxonomy":"product_brand","embeddable":true,"href":"https:\/\/musicuyinstrumentos.com\/index.php\/wp-json\/wp\/v2\/product_brand?post=1305"},{"taxonomy":"product_cat","embeddable":true,"href":"https:\/\/musicuyinstrumentos.com\/index.php\/wp-json\/wp\/v2\/product_cat?post=1305"},{"taxonomy":"product_tag","embeddable":true,"href":"https:\/\/musicuyinstrumentos.com\/index.php\/wp-json\/wp\/v2\/product_tag?post=1305"}],"curies":[{"name":"wp","href":"https:\/\/api.w.org\/{rel}","templated":true}]}}