{"id":2180,"date":"2023-09-05T17:27:02","date_gmt":"2023-09-05T20:27:02","guid":{"rendered":"https:\/\/musicuyinstrumentos.com\/?post_type=product&#038;p=2180"},"modified":"2025-05-23T16:43:57","modified_gmt":"2025-05-23T19:43:57","slug":"ibanez-roadster-rs924-1980","status":"publish","type":"product","link":"https:\/\/musicuyinstrumentos.com\/index.php\/producto\/ibanez-roadster-rs924-1980\/","title":{"rendered":"Ibanez Roadster RS924 1980"},"content":{"rendered":"<p data-start=\"901\" data-end=\"1696\">\u2705 <strong data-start=\"939\" data-end=\"947\">A\u00f1o:<\/strong> 1980<br data-start=\"952\" data-end=\"955\" \/>\u2705 <strong data-start=\"957\" data-end=\"975\">Hecho en Jap\u00f3n<\/strong><br data-start=\"975\" data-end=\"978\" \/>\u2705 <strong data-start=\"980\" data-end=\"991\">Cuerpo:<\/strong> Fresno (Ash)<br data-start=\"1004\" data-end=\"1007\" \/>\u2705 <strong data-start=\"1009\" data-end=\"1020\">M\u00e1stil:<\/strong> Atornillado, 3 piezas de arce<br data-start=\"1050\" data-end=\"1053\" \/>\u2705 <strong data-start=\"1055\" data-end=\"1068\">Diapas\u00f3n:<\/strong> Arce con marcadores de puntos<br data-start=\"1098\" data-end=\"1101\" \/>\u2705 <strong data-start=\"1103\" data-end=\"1115\">Trastes:<\/strong> 24<br data-start=\"1118\" data-end=\"1121\" \/>\u2705 <strong data-start=\"1123\" data-end=\"1134\">Escala:<\/strong> 34\u201d<br data-start=\"1138\" data-end=\"1141\" \/>\u2705 <strong data-start=\"1143\" data-end=\"1174\">Configuraci\u00f3n de pastillas:<\/strong><br data-start=\"1174\" data-end=\"1177\" \/>\u2003\u2022 1x Ibanez Super P4 (tipo P \u2013 split coil)<br data-start=\"1220\" data-end=\"1223\" \/>\u2003\u2022 1x Ibanez Super J4 (tipo Jazz Bass \u2013 single coil)<br data-start=\"1275\" data-end=\"1278\" \/>\u2705 <strong data-start=\"1280\" data-end=\"1294\">Controles:<\/strong><br data-start=\"1294\" data-end=\"1297\" \/>\u2003\u2022 1 volumen<br data-start=\"1309\" data-end=\"1312\" \/>\u2003\u2022 1 tono pasivo<br data-start=\"1328\" data-end=\"1331\" \/>\u2003\u2022 1 control de refuerzo\/corte de graves<br data-start=\"1371\" data-end=\"1374\" \/>\u2003\u2022 1 control de refuerzo\/corte de agudos<br data-start=\"1414\" data-end=\"1417\" \/>\u2003\u2022 Switch activo\/pasivo<br data-start=\"1440\" data-end=\"1443\" \/>\u2003\u2022 Selector de pastillas de 3 posiciones<br data-start=\"1483\" data-end=\"1486\" \/>\u2705 <strong data-start=\"1488\" data-end=\"1504\">Electr\u00f3nica:<\/strong> Activa con opci\u00f3n pasiva<br data-start=\"1529\" data-end=\"1532\" \/>\u2705 <strong data-start=\"1534\" data-end=\"1550\">Terminaci\u00f3n:<\/strong> Marr\u00f3n natural con acabado brillante<br data-start=\"1587\" data-end=\"1590\" \/>\u2705 <strong data-start=\"1592\" data-end=\"1605\">Clavijas:<\/strong> De engranaje abierto vintage<br data-start=\"1634\" data-end=\"1637\" \/>\u2705 <strong data-start=\"1639\" data-end=\"1650\">Puente:<\/strong> Estilo vintage<br data-start=\"1665\" data-end=\"1668\" \/>\u2705 <strong data-start=\"1670\" data-end=\"1692\">N\u00famero de cuerdas:<\/strong> 4<\/p>\n<p data-start=\"1698\" data-end=\"1892\">\ud83c\udfb8 <strong data-start=\"1701\" data-end=\"1712\">Estado:<\/strong><br data-start=\"1712\" data-end=\"1715\" \/>Excelente para su edad. Funciona perfectamente, con el desgaste natural de un instrumento con m\u00e1s de 40 a\u00f1os, todo original, incluyendo los potes, switches y pickups de f\u00e1brica.<\/p>\n<p data-start=\"1894\" data-end=\"2079\">\ud83e\udde1 <strong data-start=\"1897\" data-end=\"1944\">Un bajo cl\u00e1sico del cat\u00e1logo Ibanez japon\u00e9s<\/strong>, con tono potente, look vintage y construcci\u00f3n s\u00f3lida. Perfecto para m\u00fasicos que valoran instrumentos con car\u00e1cter y calidad de \u00e9poca.<\/p>\n","protected":false},"excerpt":{"rendered":"<p>Directamente desde la era dorada de Ibanez, el <strong data-start=\"611\" data-end=\"629\">RS924 Roadster<\/strong> es un bajo japon\u00e9s <strong data-start=\"649\" data-end=\"660\">vintage<\/strong> de alt\u00edsima calidad y gran versatilidad. Fabricado en 1980, este modelo ofrece una <strong data-start=\"744\" data-end=\"777\">electr\u00f3nica activa conmutable<\/strong>, dise\u00f1o s\u00f3lido y componentes originales que lo convierten en una pieza buscada tanto por m\u00fasicos como por coleccionistas.<\/p>\n","protected":false},"featured_media":2182,"template":"","meta":{"site-sidebar-layout":"no-sidebar","site-content-layout":"","ast-site-content-layout":"default","site-content-style":"default","site-sidebar-style":"default","ast-global-header-display":"","ast-banner-title-visibility":"","ast-main-header-display":"","ast-hfb-above-header-display":"","ast-hfb-below-header-display":"","ast-hfb-mobile-header-display":"","site-post-title":"","ast-breadcrumbs-content":"","ast-featured-img":"","footer-sml-layout":"","ast-disable-related-posts":"","theme-transparent-header-meta":"default","adv-header-id-meta":"","stick-header-meta":"","header-above-stick-meta":"","header-main-stick-meta":"","header-below-stick-meta":"","astra-migrate-meta-layouts":"set","ast-page-background-enabled":"default","ast-page-background-meta":{"desktop":{"background-color":"var(--ast-global-color-4)","background-image":"","background-repeat":"repeat","background-position":"center center","background-size":"auto","background-attachment":"scroll","background-type":"","background-media":"","overlay-type":"","overlay-color":"","overlay-opacity":"","overlay-gradient":""},"tablet":{"background-color":"","background-image":"","background-repeat":"repeat","background-position":"center center","background-size":"auto","background-attachment":"scroll","background-type":"","background-media":"","overlay-type":"","overlay-color":"","overlay-opacity":"","overlay-gradient":""},"mobile":{"background-color":"","background-image":"","background-repeat":"repeat","background-position":"center center","background-size":"auto","background-attachment":"scroll","background-type":"","background-media":"","overlay-type":"","overlay-color":"","overlay-opacity":"","overlay-gradient":""}},"ast-content-background-meta":{"desktop":{"background-color":"var(--ast-global-color-5)","background-image":"","background-repeat":"repeat","background-position":"center center","background-size":"auto","background-attachment":"scroll","background-type":"","background-media":"","overlay-type":"","overlay-color":"","overlay-opacity":"","overlay-gradient":""},"tablet":{"background-color":"var(--ast-global-color-5)","background-image":"","background-repeat":"repeat","background-position":"center center","background-size":"auto","background-attachment":"scroll","background-type":"","background-media":"","overlay-type":"","overlay-color":"","overlay-opacity":"","overlay-gradient":""},"mobile":{"background-color":"var(--ast-global-color-5)","background-image":"","background-repeat":"repeat","background-position":"center center","background-size":"auto","background-attachment":"scroll","background-type":"","background-media":"","overlay-type":"","overlay-color":"","overlay-opacity":"","overlay-gradient":""}},"_joinchat":[]},"product_brand":[],"product_cat":[25,15],"product_tag":[102,57],"class_list":{"0":"post-2180","1":"product","2":"type-product","3":"status-publish","4":"has-post-thumbnail","6":"product_cat-bajos","7":"product_cat-sin-categorizar","8":"product_tag-bajo","9":"product_tag-fender","10":"desktop-align-left","11":"tablet-align-left","12":"mobile-align-left","14":"first","15":"instock","16":"sale","17":"shipping-taxable","18":"purchasable","19":"product-type-simple"},"jetpack-related-posts":[{"id":388,"url":"https:\/\/musicuyinstrumentos.com\/index.php\/producto\/ibanez-musician-mc-350\/","url_meta":{"origin":2180,"position":0},"title":"Ibanez Musician MC 350","author":"matiaspmartinez","date":"7 de marzo de 2022","format":false,"excerpt":"\ud83d\udd70\ufe0f Vintage \u2013 Made in Japan \u2013 Toda original La Ibanez Musician MC350 es parte de una de las l\u00edneas m\u00e1s emblem\u00e1ticas de la marca japonesa durante su era dorada. Fabricada en 1981, esta guitarra destaca por su calidad de construcci\u00f3n, versatilidad sonora y dise\u00f1o refinado. Construida con maderas seleccionadas\u2026","rel":"","context":"Entrada similar","block_context":{"text":"Entrada similar","link":""},"img":{"alt_text":"","src":"https:\/\/i0.wp.com\/musicuyinstrumentos.com\/wp-content\/uploads\/2022\/03\/Ibanez-Musician-MC350-1-1.jpg?fit=1080%2C1080&ssl=1&resize=350%2C200","width":350,"height":200,"srcset":"https:\/\/i0.wp.com\/musicuyinstrumentos.com\/wp-content\/uploads\/2022\/03\/Ibanez-Musician-MC350-1-1.jpg?fit=1080%2C1080&ssl=1&resize=350%2C200 1x, https:\/\/i0.wp.com\/musicuyinstrumentos.com\/wp-content\/uploads\/2022\/03\/Ibanez-Musician-MC350-1-1.jpg?fit=1080%2C1080&ssl=1&resize=525%2C300 1.5x, https:\/\/i0.wp.com\/musicuyinstrumentos.com\/wp-content\/uploads\/2022\/03\/Ibanez-Musician-MC350-1-1.jpg?fit=1080%2C1080&ssl=1&resize=700%2C400 2x, https:\/\/i0.wp.com\/musicuyinstrumentos.com\/wp-content\/uploads\/2022\/03\/Ibanez-Musician-MC350-1-1.jpg?fit=1080%2C1080&ssl=1&resize=1050%2C600 3x"},"classes":[]},{"id":385,"url":"https:\/\/musicuyinstrumentos.com\/index.php\/producto\/ibanez-js1000-joe-satriani-signatures\/","url_meta":{"origin":2180,"position":1},"title":"Ibanez JS1000 Joe Satriani Signatures","author":"matiaspmartinez","date":"7 de marzo de 2022","format":false,"excerpt":"La Ibanez JS1000 es uno de los modelos m\u00e1s ic\u00f3nicos de la l\u00ednea signature del virtuoso guitarrista Joe Satriani. Fabricada en Jap\u00f3n con alt\u00edsimos est\u00e1ndares de calidad, esta guitarra se convirti\u00f3 en una favorita tanto para fans de Satriani como para guitarristas exigentes que buscan comodidad, versatilidad y un sonido\u2026","rel":"","context":"Entrada similar","block_context":{"text":"Entrada similar","link":""},"img":{"alt_text":"","src":"https:\/\/i0.wp.com\/musicuyinstrumentos.com\/wp-content\/uploads\/2022\/03\/Ibanez-JS1000-Joe-Satriani-1-1.jpg?fit=1080%2C1080&ssl=1&resize=350%2C200","width":350,"height":200,"srcset":"https:\/\/i0.wp.com\/musicuyinstrumentos.com\/wp-content\/uploads\/2022\/03\/Ibanez-JS1000-Joe-Satriani-1-1.jpg?fit=1080%2C1080&ssl=1&resize=350%2C200 1x, https:\/\/i0.wp.com\/musicuyinstrumentos.com\/wp-content\/uploads\/2022\/03\/Ibanez-JS1000-Joe-Satriani-1-1.jpg?fit=1080%2C1080&ssl=1&resize=525%2C300 1.5x, https:\/\/i0.wp.com\/musicuyinstrumentos.com\/wp-content\/uploads\/2022\/03\/Ibanez-JS1000-Joe-Satriani-1-1.jpg?fit=1080%2C1080&ssl=1&resize=700%2C400 2x, https:\/\/i0.wp.com\/musicuyinstrumentos.com\/wp-content\/uploads\/2022\/03\/Ibanez-JS1000-Joe-Satriani-1-1.jpg?fit=1080%2C1080&ssl=1&resize=1050%2C600 3x"},"classes":[]},{"id":450,"url":"https:\/\/musicuyinstrumentos.com\/index.php\/producto\/ibanez-sr-1000\/","url_meta":{"origin":2180,"position":2},"title":"Ibanez SR 1000","author":"matiaspmartinez","date":"7 de marzo de 2022","format":false,"excerpt":"Bajo el\u00e9ctrico Ibanez Soundgear SR1000 fabricado en Jap\u00f3n en 1990, una \u00e9poca de excelente calidad de construcci\u00f3n de la marca. Este modelo presenta un dise\u00f1o s\u00faper ergon\u00f3mico, liviano y c\u00f3modo, ideal tanto para estudio como para escenarios exigentes. \ud83c\udfaf Cuenta con un set EMG PJ activo, lo que le da\u2026","rel":"","context":"Entrada similar","block_context":{"text":"Entrada similar","link":""},"img":{"alt_text":"","src":"https:\/\/i0.wp.com\/musicuyinstrumentos.com\/wp-content\/uploads\/2022\/03\/Ibanez-SR1000-1-1.jpg?fit=1080%2C1080&ssl=1&resize=350%2C200","width":350,"height":200,"srcset":"https:\/\/i0.wp.com\/musicuyinstrumentos.com\/wp-content\/uploads\/2022\/03\/Ibanez-SR1000-1-1.jpg?fit=1080%2C1080&ssl=1&resize=350%2C200 1x, https:\/\/i0.wp.com\/musicuyinstrumentos.com\/wp-content\/uploads\/2022\/03\/Ibanez-SR1000-1-1.jpg?fit=1080%2C1080&ssl=1&resize=525%2C300 1.5x, https:\/\/i0.wp.com\/musicuyinstrumentos.com\/wp-content\/uploads\/2022\/03\/Ibanez-SR1000-1-1.jpg?fit=1080%2C1080&ssl=1&resize=700%2C400 2x, https:\/\/i0.wp.com\/musicuyinstrumentos.com\/wp-content\/uploads\/2022\/03\/Ibanez-SR1000-1-1.jpg?fit=1080%2C1080&ssl=1&resize=1050%2C600 3x"},"classes":[]},{"id":2100,"url":"https:\/\/musicuyinstrumentos.com\/index.php\/producto\/ibanez-sz-520-c-estuche-rigido\/","url_meta":{"origin":2180,"position":3},"title":"Ibanez SZ 520 c\/estuche r\u00edgido","author":"matiaspmartinez","date":"4 de julio de 2023","format":false,"excerpt":"La Ibanez SZ520 forma parte de la aclamada serie SZ, destac\u00e1ndose por su dise\u00f1o singlecut, sustain natural y comodidad al tocar. Fabricada con materiales de alta calidad, esta guitarra combina la calidez y cuerpo de la caoba con el ataque del arce flameado en la tapa. Su configuraci\u00f3n de micr\u00f3fonos\u2026","rel":"","context":"Entrada similar","block_context":{"text":"Entrada similar","link":""},"img":{"alt_text":"","src":"https:\/\/i0.wp.com\/musicuyinstrumentos.com\/wp-content\/uploads\/2023\/07\/Ibanez-SZ-520-1-copia.jpg?fit=1080%2C1080&ssl=1&resize=350%2C200","width":350,"height":200,"srcset":"https:\/\/i0.wp.com\/musicuyinstrumentos.com\/wp-content\/uploads\/2023\/07\/Ibanez-SZ-520-1-copia.jpg?fit=1080%2C1080&ssl=1&resize=350%2C200 1x, https:\/\/i0.wp.com\/musicuyinstrumentos.com\/wp-content\/uploads\/2023\/07\/Ibanez-SZ-520-1-copia.jpg?fit=1080%2C1080&ssl=1&resize=525%2C300 1.5x, https:\/\/i0.wp.com\/musicuyinstrumentos.com\/wp-content\/uploads\/2023\/07\/Ibanez-SZ-520-1-copia.jpg?fit=1080%2C1080&ssl=1&resize=700%2C400 2x, https:\/\/i0.wp.com\/musicuyinstrumentos.com\/wp-content\/uploads\/2023\/07\/Ibanez-SZ-520-1-copia.jpg?fit=1080%2C1080&ssl=1&resize=1050%2C600 3x"},"classes":[]},{"id":448,"url":"https:\/\/musicuyinstrumentos.com\/index.php\/producto\/ibanez-sr-5005\/","url_meta":{"origin":2180,"position":4},"title":"Ibanez SR 5005","author":"matiaspmartinez","date":"7 de marzo de 2022","format":false,"excerpt":"El Ibanez SR5005 es un bajo japon\u00e9s de gama alta perteneciente a la l\u00ednea Soundgear Prestige, conocido por su excelente construcci\u00f3n, comodidad y tono vers\u00e1til. Este modelo de 5 cuerdas ha sido modificado con un set de micr\u00f3fonos activos EMG 40DC, lo que le brinda un sonido moderno, potente y\u2026","rel":"","context":"Entrada similar","block_context":{"text":"Entrada similar","link":""},"img":{"alt_text":"","src":"https:\/\/i0.wp.com\/musicuyinstrumentos.com\/wp-content\/uploads\/2022\/03\/Ibanez-SR5005-1.jpg?fit=1080%2C1080&ssl=1&resize=350%2C200","width":350,"height":200,"srcset":"https:\/\/i0.wp.com\/musicuyinstrumentos.com\/wp-content\/uploads\/2022\/03\/Ibanez-SR5005-1.jpg?fit=1080%2C1080&ssl=1&resize=350%2C200 1x, https:\/\/i0.wp.com\/musicuyinstrumentos.com\/wp-content\/uploads\/2022\/03\/Ibanez-SR5005-1.jpg?fit=1080%2C1080&ssl=1&resize=525%2C300 1.5x, https:\/\/i0.wp.com\/musicuyinstrumentos.com\/wp-content\/uploads\/2022\/03\/Ibanez-SR5005-1.jpg?fit=1080%2C1080&ssl=1&resize=700%2C400 2x, https:\/\/i0.wp.com\/musicuyinstrumentos.com\/wp-content\/uploads\/2022\/03\/Ibanez-SR5005-1.jpg?fit=1080%2C1080&ssl=1&resize=1050%2C600 3x"},"classes":[]},{"id":2208,"url":"https:\/\/musicuyinstrumentos.com\/index.php\/producto\/kramer-baretta-ruby-red\/","url_meta":{"origin":2180,"position":5},"title":"Kramer Baretta Ruby Red","author":"matiaspmartinez","date":"8 de septiembre de 2023","format":false,"excerpt":"La Kramer Baretta es un \u00edcono del rock ochentero, famosa por su simplicidad, potencia y actitud. Este modelo en color Ruby Red mantiene la esencia cl\u00e1sica de la marca, con una est\u00e9tica agresiva y un rendimiento orientado al shred. Su configuraci\u00f3n con un solo humbucker y puente Floyd Rose es\u2026","rel":"","context":"Entrada similar","block_context":{"text":"Entrada similar","link":""},"img":{"alt_text":"","src":"https:\/\/i0.wp.com\/musicuyinstrumentos.com\/wp-content\/uploads\/2023\/09\/Kramer-Baretta-1-Editar-copia.jpg?fit=1080%2C1080&ssl=1&resize=350%2C200","width":350,"height":200,"srcset":"https:\/\/i0.wp.com\/musicuyinstrumentos.com\/wp-content\/uploads\/2023\/09\/Kramer-Baretta-1-Editar-copia.jpg?fit=1080%2C1080&ssl=1&resize=350%2C200 1x, https:\/\/i0.wp.com\/musicuyinstrumentos.com\/wp-content\/uploads\/2023\/09\/Kramer-Baretta-1-Editar-copia.jpg?fit=1080%2C1080&ssl=1&resize=525%2C300 1.5x, https:\/\/i0.wp.com\/musicuyinstrumentos.com\/wp-content\/uploads\/2023\/09\/Kramer-Baretta-1-Editar-copia.jpg?fit=1080%2C1080&ssl=1&resize=700%2C400 2x, https:\/\/i0.wp.com\/musicuyinstrumentos.com\/wp-content\/uploads\/2023\/09\/Kramer-Baretta-1-Editar-copia.jpg?fit=1080%2C1080&ssl=1&resize=1050%2C600 3x"},"classes":[]}],"jetpack_sharing_enabled":true,"_links":{"self":[{"href":"https:\/\/musicuyinstrumentos.com\/index.php\/wp-json\/wp\/v2\/product\/2180","targetHints":{"allow":["GET"]}}],"collection":[{"href":"https:\/\/musicuyinstrumentos.com\/index.php\/wp-json\/wp\/v2\/product"}],"about":[{"href":"https:\/\/musicuyinstrumentos.com\/index.php\/wp-json\/wp\/v2\/types\/product"}],"version-history":[{"count":2,"href":"https:\/\/musicuyinstrumentos.com\/index.php\/wp-json\/wp\/v2\/product\/2180\/revisions"}],"predecessor-version":[{"id":3259,"href":"https:\/\/musicuyinstrumentos.com\/index.php\/wp-json\/wp\/v2\/product\/2180\/revisions\/3259"}],"wp:featuredmedia":[{"embeddable":true,"href":"https:\/\/musicuyinstrumentos.com\/index.php\/wp-json\/wp\/v2\/media\/2182"}],"wp:attachment":[{"href":"https:\/\/musicuyinstrumentos.com\/index.php\/wp-json\/wp\/v2\/media?parent=2180"}],"wp:term":[{"taxonomy":"product_brand","embeddable":true,"href":"https:\/\/musicuyinstrumentos.com\/index.php\/wp-json\/wp\/v2\/product_brand?post=2180"},{"taxonomy":"product_cat","embeddable":true,"href":"https:\/\/musicuyinstrumentos.com\/index.php\/wp-json\/wp\/v2\/product_cat?post=2180"},{"taxonomy":"product_tag","embeddable":true,"href":"https:\/\/musicuyinstrumentos.com\/index.php\/wp-json\/wp\/v2\/product_tag?post=2180"}],"curies":[{"name":"wp","href":"https:\/\/api.w.org\/{rel}","templated":true}]}}