{"id":2538,"date":"2024-07-08T22:20:12","date_gmt":"2024-07-09T01:20:12","guid":{"rendered":"https:\/\/musicuyinstrumentos.com\/?post_type=product&#038;p=2538"},"modified":"2025-05-23T18:04:31","modified_gmt":"2025-05-23T21:04:31","slug":"samson-s-zone-4","status":"publish","type":"product","link":"https:\/\/musicuyinstrumentos.com\/index.php\/producto\/samson-s-zone-4\/","title":{"rendered":"Samson S-Zone 4, Sistema de Distribuci\u00f3n de Audio. Nuevo sin abrir!"},"content":{"rendered":"<div class=\"x11i5rnm xat24cr x1mh8g0r x1vvkbs xtlvy1s x126k92a\">\n<div dir=\"auto\">\n<p data-start=\"728\" data-end=\"1173\">\u2705 4 zonas de salida est\u00e9reo con controles de nivel independientes<br data-start=\"831\" data-end=\"834\" \/>\u2705 2 entradas est\u00e9reo balanceadas y 2 no balanceadas<br data-start=\"885\" data-end=\"888\" \/>\u2705 Salida mono por canal opcional (switch mono\/stereo por zona)<br data-start=\"950\" data-end=\"953\" \/>\u2705 Entradas y salidas en conectores RCA, TRS y terminal block<br data-start=\"1013\" data-end=\"1016\" \/>\u2705 Indicadores LED de se\u00f1al en cada zona<br data-start=\"1055\" data-end=\"1058\" \/>\u2705 Control frontal de nivel por zona<br data-start=\"1093\" data-end=\"1096\" data-is-only-node=\"\" \/>\u2705 Dise\u00f1o compacto montable en rack de 1U<br data-start=\"1136\" data-end=\"1139\" \/>\u2705 Fuente de alimentaci\u00f3n interna<\/p>\n<p data-start=\"1175\" data-end=\"1334\">\ud83c\udfaf <strong data-start=\"1178\" data-end=\"1193\">Ideal para:<\/strong><br data-start=\"1193\" data-end=\"1196\" \/>Sistemas de sonido distribuidos, instalaciones fijas, routing de se\u00f1al en estudios, aplicaciones de instalaci\u00f3n comercial o institucional.<\/p>\n<\/div>\n<\/div>\n","protected":false},"excerpt":{"rendered":"<div class=\"x11i5rnm xat24cr x1mh8g0r x1vvkbs xtlvy1s x126k92a\">\n<div dir=\"auto\">\n<p data-start=\"364\" data-end=\"413\">\ud83d\udce6 <strong data-start=\"367\" data-end=\"378\">Estado:<\/strong> Nuevo, cerrado en caja, sin abrir.<\/p>\n<p data-start=\"415\" data-end=\"726\">El <strong data-start=\"440\" data-end=\"457\">Samson S-Zone<\/strong> es un vers\u00e1til sistema de control de audio multizona, ideal para instalaciones comerciales, bares, restaurantes, estudios o iglesias. Permite enviar una o varias se\u00f1ales de audio a cuatro zonas diferentes, con controles independientes de volumen y selecci\u00f3n de fuente.<\/p>\n<\/div>\n<\/div>\n","protected":false},"featured_media":2495,"template":"","meta":{"site-sidebar-layout":"no-sidebar","site-content-layout":"","ast-site-content-layout":"default","site-content-style":"default","site-sidebar-style":"default","ast-global-header-display":"","ast-banner-title-visibility":"","ast-main-header-display":"","ast-hfb-above-header-display":"","ast-hfb-below-header-display":"","ast-hfb-mobile-header-display":"","site-post-title":"","ast-breadcrumbs-content":"","ast-featured-img":"","footer-sml-layout":"","ast-disable-related-posts":"","theme-transparent-header-meta":"default","adv-header-id-meta":"","stick-header-meta":"","header-above-stick-meta":"","header-main-stick-meta":"","header-below-stick-meta":"","astra-migrate-meta-layouts":"set","ast-page-background-enabled":"default","ast-page-background-meta":{"desktop":{"background-color":"var(--ast-global-color-4)","background-image":"","background-repeat":"repeat","background-position":"center center","background-size":"auto","background-attachment":"scroll","background-type":"","background-media":"","overlay-type":"","overlay-color":"","overlay-opacity":"","overlay-gradient":""},"tablet":{"background-color":"","background-image":"","background-repeat":"repeat","background-position":"center center","background-size":"auto","background-attachment":"scroll","background-type":"","background-media":"","overlay-type":"","overlay-color":"","overlay-opacity":"","overlay-gradient":""},"mobile":{"background-color":"","background-image":"","background-repeat":"repeat","background-position":"center center","background-size":"auto","background-attachment":"scroll","background-type":"","background-media":"","overlay-type":"","overlay-color":"","overlay-opacity":"","overlay-gradient":""}},"ast-content-background-meta":{"desktop":{"background-color":"var(--ast-global-color-5)","background-image":"","background-repeat":"repeat","background-position":"center center","background-size":"auto","background-attachment":"scroll","background-type":"","background-media":"","overlay-type":"","overlay-color":"","overlay-opacity":"","overlay-gradient":""},"tablet":{"background-color":"var(--ast-global-color-5)","background-image":"","background-repeat":"repeat","background-position":"center center","background-size":"auto","background-attachment":"scroll","background-type":"","background-media":"","overlay-type":"","overlay-color":"","overlay-opacity":"","overlay-gradient":""},"mobile":{"background-color":"var(--ast-global-color-5)","background-image":"","background-repeat":"repeat","background-position":"center center","background-size":"auto","background-attachment":"scroll","background-type":"","background-media":"","overlay-type":"","overlay-color":"","overlay-opacity":"","overlay-gradient":""}},"_joinchat":[]},"product_brand":[],"product_cat":[15,85],"product_tag":[],"class_list":{"0":"post-2538","1":"product","2":"type-product","3":"status-publish","4":"has-post-thumbnail","6":"product_cat-sin-categorizar","7":"product_cat-varios-2","8":"desktop-align-left","9":"tablet-align-left","10":"mobile-align-left","12":"first","13":"instock","14":"sale","15":"shipping-taxable","16":"purchasable","17":"product-type-simple"},"jetpack-related-posts":[{"id":2536,"url":"https:\/\/musicuyinstrumentos.com\/index.php\/producto\/samson-c-control-control-room\/","url_meta":{"origin":2538,"position":0},"title":"Samson C-Control &#8211; Central de Monitoreo de Estudio (Nuevo en caja!)","author":"matiaspmartinez","date":"8 de julio de 2024","format":false,"excerpt":"\ud83d\udce6 Estado: Nuevo, cerrado en su caja original.Ideal para quien busca equipo sin uso y en perfecto estado de f\u00e1brica. El Samson C-Control es una soluci\u00f3n vers\u00e1til y pr\u00e1ctica para controlar m\u00faltiples fuentes de audio y salidas de monitoreo en tu estudio. Dise\u00f1ado para brindar m\u00e1xima flexibilidad, permite alternar entre\u2026","rel":"","context":"Entrada similar","block_context":{"text":"Entrada similar","link":""},"img":{"alt_text":"","src":"https:\/\/i0.wp.com\/musicuyinstrumentos.com\/wp-content\/uploads\/2024\/07\/Samson-C-Control-1.jpg?fit=1080%2C1080&ssl=1&resize=350%2C200","width":350,"height":200,"srcset":"https:\/\/i0.wp.com\/musicuyinstrumentos.com\/wp-content\/uploads\/2024\/07\/Samson-C-Control-1.jpg?fit=1080%2C1080&ssl=1&resize=350%2C200 1x, https:\/\/i0.wp.com\/musicuyinstrumentos.com\/wp-content\/uploads\/2024\/07\/Samson-C-Control-1.jpg?fit=1080%2C1080&ssl=1&resize=525%2C300 1.5x, https:\/\/i0.wp.com\/musicuyinstrumentos.com\/wp-content\/uploads\/2024\/07\/Samson-C-Control-1.jpg?fit=1080%2C1080&ssl=1&resize=700%2C400 2x, https:\/\/i0.wp.com\/musicuyinstrumentos.com\/wp-content\/uploads\/2024\/07\/Samson-C-Control-1.jpg?fit=1080%2C1080&ssl=1&resize=1050%2C600 3x"},"classes":[]},{"id":1992,"url":"https:\/\/musicuyinstrumentos.com\/index.php\/producto\/hartke-ha5000-500w-hybrid-biamp\/","url_meta":{"origin":2538,"position":1},"title":"Hartke HA5000 500w Hybrid Biamp","author":"matiaspmartinez","date":"16 de marzo de 2023","format":false,"excerpt":"El Hartke HA5000 es un cl\u00e1sico entre los cabezales de bajo por una raz\u00f3n: versatilidad, potencia y control absoluto del tono. Dise\u00f1ado para bajistas exigentes que necesitan rendimiento profesional en vivo y en estudio, este amplificador ofrece 500 watts de potencia total, posibilidad de operar en mono o biamplificaci\u00f3n, y\u2026","rel":"","context":"Entrada similar","block_context":{"text":"Entrada similar","link":""},"img":{"alt_text":"","src":"https:\/\/i0.wp.com\/musicuyinstrumentos.com\/wp-content\/uploads\/2023\/03\/Hartke-HA5000-1-copia.jpg?fit=1080%2C1080&ssl=1&resize=350%2C200","width":350,"height":200,"srcset":"https:\/\/i0.wp.com\/musicuyinstrumentos.com\/wp-content\/uploads\/2023\/03\/Hartke-HA5000-1-copia.jpg?fit=1080%2C1080&ssl=1&resize=350%2C200 1x, https:\/\/i0.wp.com\/musicuyinstrumentos.com\/wp-content\/uploads\/2023\/03\/Hartke-HA5000-1-copia.jpg?fit=1080%2C1080&ssl=1&resize=525%2C300 1.5x, https:\/\/i0.wp.com\/musicuyinstrumentos.com\/wp-content\/uploads\/2023\/03\/Hartke-HA5000-1-copia.jpg?fit=1080%2C1080&ssl=1&resize=700%2C400 2x, https:\/\/i0.wp.com\/musicuyinstrumentos.com\/wp-content\/uploads\/2023\/03\/Hartke-HA5000-1-copia.jpg?fit=1080%2C1080&ssl=1&resize=1050%2C600 3x"},"classes":[]},{"id":988,"url":"https:\/\/musicuyinstrumentos.com\/index.php\/producto\/carl-martin-octaswitch\/","url_meta":{"origin":2538,"position":2},"title":"Carl Martin Octaswitch","author":"matiaspmartinez","date":"24 de marzo de 2022","format":false,"excerpt":"El Carl Martin Octa-Switch es un sistema de conmutaci\u00f3n de efectos anal\u00f3gico que permite controlar hasta ocho pedales de efectos mediante ocho loops independientes. Cada uno de los ocho bancos programables se configura f\u00e1cilmente mediante interruptores DIP, permitiendo activar combinaciones espec\u00edficas de efectos con un solo toque. Su dise\u00f1o robusto\u2026","rel":"","context":"Entrada similar","block_context":{"text":"Entrada similar","link":""},"img":{"alt_text":"","src":"https:\/\/i0.wp.com\/musicuyinstrumentos.com\/wp-content\/uploads\/2022\/03\/Carl-Martin-Octaswitch-2-copia.jpg?fit=1080%2C1080&ssl=1&resize=350%2C200","width":350,"height":200,"srcset":"https:\/\/i0.wp.com\/musicuyinstrumentos.com\/wp-content\/uploads\/2022\/03\/Carl-Martin-Octaswitch-2-copia.jpg?fit=1080%2C1080&ssl=1&resize=350%2C200 1x, https:\/\/i0.wp.com\/musicuyinstrumentos.com\/wp-content\/uploads\/2022\/03\/Carl-Martin-Octaswitch-2-copia.jpg?fit=1080%2C1080&ssl=1&resize=525%2C300 1.5x, https:\/\/i0.wp.com\/musicuyinstrumentos.com\/wp-content\/uploads\/2022\/03\/Carl-Martin-Octaswitch-2-copia.jpg?fit=1080%2C1080&ssl=1&resize=700%2C400 2x, https:\/\/i0.wp.com\/musicuyinstrumentos.com\/wp-content\/uploads\/2022\/03\/Carl-Martin-Octaswitch-2-copia.jpg?fit=1080%2C1080&ssl=1&resize=1050%2C600 3x"},"classes":[]},{"id":2884,"url":"https:\/\/musicuyinstrumentos.com\/index.php\/producto\/taylor-314-ce\/","url_meta":{"origin":2538,"position":3},"title":"Taylor 314 CE","author":"matiaspmartinez","date":"30 de diciembre de 2024","format":false,"excerpt":"La Taylor 314ce es uno de los modelos m\u00e1s equilibrados y buscados de la marca, perteneciente a la serie 300, reconocida por su construcci\u00f3n totalmente en maderas macizas y su rendimiento profesional tanto en vivo como en estudio. Su formato Grand Auditorium la convierte en una guitarra extremadamente vers\u00e1til: c\u00f3moda\u2026","rel":"","context":"Entrada similar","block_context":{"text":"Entrada similar","link":""},"img":{"alt_text":"","src":"https:\/\/i0.wp.com\/musicuyinstrumentos.com\/wp-content\/uploads\/2024\/12\/Taylor-314CE-1-Alibaba.jpg?fit=1080%2C1080&ssl=1&resize=350%2C200","width":350,"height":200,"srcset":"https:\/\/i0.wp.com\/musicuyinstrumentos.com\/wp-content\/uploads\/2024\/12\/Taylor-314CE-1-Alibaba.jpg?fit=1080%2C1080&ssl=1&resize=350%2C200 1x, https:\/\/i0.wp.com\/musicuyinstrumentos.com\/wp-content\/uploads\/2024\/12\/Taylor-314CE-1-Alibaba.jpg?fit=1080%2C1080&ssl=1&resize=525%2C300 1.5x, https:\/\/i0.wp.com\/musicuyinstrumentos.com\/wp-content\/uploads\/2024\/12\/Taylor-314CE-1-Alibaba.jpg?fit=1080%2C1080&ssl=1&resize=700%2C400 2x, https:\/\/i0.wp.com\/musicuyinstrumentos.com\/wp-content\/uploads\/2024\/12\/Taylor-314CE-1-Alibaba.jpg?fit=1080%2C1080&ssl=1&resize=1050%2C600 3x"},"classes":[]},{"id":2109,"url":"https:\/\/musicuyinstrumentos.com\/index.php\/producto\/palmer-compressor\/","url_meta":{"origin":2538,"position":4},"title":"Palmer Compressor","author":"matiaspmartinez","date":"4 de julio de 2023","format":false,"excerpt":"El Palmer PECOMP Compressor es un pedal de compresi\u00f3n anal\u00f3gico que ofrece un control preciso sobre la din\u00e1mica de tu se\u00f1al, proporcionando mayor punch y sustain sin distorsi\u00f3n. Su circuito de bajo ruido y construcci\u00f3n robusta lo convierten en una opci\u00f3n confiable para guitarristas que buscan calidad y durabilidad en\u2026","rel":"","context":"Entrada similar","block_context":{"text":"Entrada similar","link":""},"img":{"alt_text":"","src":"https:\/\/i0.wp.com\/musicuyinstrumentos.com\/wp-content\/uploads\/2023\/07\/Palmer-Compressor-1-copia.jpg?fit=1080%2C1080&ssl=1&resize=350%2C200","width":350,"height":200,"srcset":"https:\/\/i0.wp.com\/musicuyinstrumentos.com\/wp-content\/uploads\/2023\/07\/Palmer-Compressor-1-copia.jpg?fit=1080%2C1080&ssl=1&resize=350%2C200 1x, https:\/\/i0.wp.com\/musicuyinstrumentos.com\/wp-content\/uploads\/2023\/07\/Palmer-Compressor-1-copia.jpg?fit=1080%2C1080&ssl=1&resize=525%2C300 1.5x, https:\/\/i0.wp.com\/musicuyinstrumentos.com\/wp-content\/uploads\/2023\/07\/Palmer-Compressor-1-copia.jpg?fit=1080%2C1080&ssl=1&resize=700%2C400 2x, https:\/\/i0.wp.com\/musicuyinstrumentos.com\/wp-content\/uploads\/2023\/07\/Palmer-Compressor-1-copia.jpg?fit=1080%2C1080&ssl=1&resize=1050%2C600 3x"},"classes":[]},{"id":2734,"url":"https:\/\/musicuyinstrumentos.com\/index.php\/producto\/fender-marine-layer-reverb\/","url_meta":{"origin":2538,"position":5},"title":"Fender Marine Layer Reverb","author":"matiaspmartinez","date":"6 de noviembre de 2024","format":false,"excerpt":"El Marine Layer Reverb de Fender es una excelente opci\u00f3n para quienes buscan una reverb rica y vers\u00e1til con controles intuitivos y un dise\u00f1o elegante. Ofrece varios modos (Hall, Room, Shimmer), con decay ajustable, pre-delay, y un efecto shimmer con octavas que le da un car\u00e1cter et\u00e9reo y espacial ideal\u2026","rel":"","context":"Entrada similar","block_context":{"text":"Entrada similar","link":""},"img":{"alt_text":"","src":"https:\/\/i0.wp.com\/musicuyinstrumentos.com\/wp-content\/uploads\/2024\/11\/Fender-Marine-Layer-Reverb-1-Alibaba.jpg?fit=1080%2C1080&ssl=1&resize=350%2C200","width":350,"height":200,"srcset":"https:\/\/i0.wp.com\/musicuyinstrumentos.com\/wp-content\/uploads\/2024\/11\/Fender-Marine-Layer-Reverb-1-Alibaba.jpg?fit=1080%2C1080&ssl=1&resize=350%2C200 1x, https:\/\/i0.wp.com\/musicuyinstrumentos.com\/wp-content\/uploads\/2024\/11\/Fender-Marine-Layer-Reverb-1-Alibaba.jpg?fit=1080%2C1080&ssl=1&resize=525%2C300 1.5x, https:\/\/i0.wp.com\/musicuyinstrumentos.com\/wp-content\/uploads\/2024\/11\/Fender-Marine-Layer-Reverb-1-Alibaba.jpg?fit=1080%2C1080&ssl=1&resize=700%2C400 2x, https:\/\/i0.wp.com\/musicuyinstrumentos.com\/wp-content\/uploads\/2024\/11\/Fender-Marine-Layer-Reverb-1-Alibaba.jpg?fit=1080%2C1080&ssl=1&resize=1050%2C600 3x"},"classes":[]}],"jetpack_sharing_enabled":true,"_links":{"self":[{"href":"https:\/\/musicuyinstrumentos.com\/index.php\/wp-json\/wp\/v2\/product\/2538","targetHints":{"allow":["GET"]}}],"collection":[{"href":"https:\/\/musicuyinstrumentos.com\/index.php\/wp-json\/wp\/v2\/product"}],"about":[{"href":"https:\/\/musicuyinstrumentos.com\/index.php\/wp-json\/wp\/v2\/types\/product"}],"version-history":[{"count":2,"href":"https:\/\/musicuyinstrumentos.com\/index.php\/wp-json\/wp\/v2\/product\/2538\/revisions"}],"predecessor-version":[{"id":3266,"href":"https:\/\/musicuyinstrumentos.com\/index.php\/wp-json\/wp\/v2\/product\/2538\/revisions\/3266"}],"wp:featuredmedia":[{"embeddable":true,"href":"https:\/\/musicuyinstrumentos.com\/index.php\/wp-json\/wp\/v2\/media\/2495"}],"wp:attachment":[{"href":"https:\/\/musicuyinstrumentos.com\/index.php\/wp-json\/wp\/v2\/media?parent=2538"}],"wp:term":[{"taxonomy":"product_brand","embeddable":true,"href":"https:\/\/musicuyinstrumentos.com\/index.php\/wp-json\/wp\/v2\/product_brand?post=2538"},{"taxonomy":"product_cat","embeddable":true,"href":"https:\/\/musicuyinstrumentos.com\/index.php\/wp-json\/wp\/v2\/product_cat?post=2538"},{"taxonomy":"product_tag","embeddable":true,"href":"https:\/\/musicuyinstrumentos.com\/index.php\/wp-json\/wp\/v2\/product_tag?post=2538"}],"curies":[{"name":"wp","href":"https:\/\/api.w.org\/{rel}","templated":true}]}}